2*c - 38. Suppose v = 2*t - 4*n, -2*n + 3*n - 37 = -2*t. List the prime factors of t.
2
Suppose 0*o - 4*o + 2061 = -m, -2*o + 1035 = m. What are the prime factors of o?
2, 3, 43
Suppose -16*g = -11*g + 2*l - 40, 2*l = 3*g - 24. What are the prime factors of g?
2
Let n = 250 - 143. Let o = 184 - n. List the prime factors of o.
7, 11
Suppose 529 + 146 = 5*t. Let n = t + -125. List the prime factors of n.
2, 5
Suppose 230160 = 47*v + 23*v. List the prime factors of v.
2, 3, 137
What are the prime factors of (1 + -2)/((-2347)/391 - -6)?
17, 23
Let d(o) = 18*o + 110. What are the prime factors of d(5)?
2, 5
Let w be (1 - -25)*1/(-1). Let j = 2 - w. Suppose 192 = 4*f - j. List the prime factors of f.
5, 11
Suppose -49775 = -60*r + 5*r. List the prime factors of r.
5, 181
Suppose -3*c = -2*c - 5*w - 4, 3*w - 4 = -c. Suppose 0 = -c*p + 428. List the prime factors of p.
107
What are the prime factors of 1537/116 + (-5)/4?
2, 3
Let i(f) = -401*f + 34. What are the prime factors of i(-2)?
2, 11, 19
Let v(c) = -2*c + 531. What are the prime factors of v(-69)?
3, 223
Let g = 19 + -2. Suppose m + g = 5*b, 2*b = -m + 3*m + 10. List the prime factors of b*-1*230/(-30).
23
Let y(j) = 3*j**2 + 8*j - 72. List the prime factors of y(8).
2, 23
Let u = 42 - -262. What are the prime factors of u?
2, 19
Suppose -70*n + 77*n = 3360. What are the prime factors of n?
2, 3, 5
Let c be 12/(-66) + 7014/(-22). Let y = c - -452. List the prime factors of y.
7, 19
Suppose 0 = -3*o + 830 + 64. Suppose -4*c = -4*j - 572, 5*j = 3*c - c - o. What are the prime factors of c?
139
Let t be (-12 + -3)/((-1)/12). Let l(r) = -r - 31. Let d be l(-34). Suppose -4*o - 4*w + t = 0, -3*w - 130 = -d*o - w. What are the prime factors of o?
2, 11
Let b(u) = 33*u - 92. List the prime factors of b(35).
1063
Suppose 0 = -4*x - 3*y + 615, -474 = -3*x + 8*y - 6*y. Let q = x - 66. What are the prime factors of q?
2, 3, 5
Suppose -y = -3*w - 36 + 2766, 1834 = 2*w + 4*y. What are the prime factors of w?
911
Let b(h) = -9*h**3 - 2*h - 2. Let s be b(-1). Suppose -7*j + s*j - 134 = 0. List the prime factors of j.
67
Suppose 44*t = 40*t - l + 7833, 3*t + 3*l = 5868. What are the prime factors of t?
3, 653
Let y(p) = p**3 + 11*p**2 + 6*p + 20. Suppose -3*c - 2*h - 24 = 0, 2*h + 21 = -5*c - 23. List the prime factors of y(c).
2, 3, 5
Suppose 4*l - 2449 - 1793 = -2*b, 0 = 2*l - 2*b - 2136. List the prime factors of l.
1063
Suppose 0 = 3*d - 4*n - 32, 0*d + 3*n = 5*d - 35. Suppose -d*l + l = -51. Let u = 0 + l. List the prime factors of u.
17
What are the prime factors of (3 - 0)*-69*20/(-6)?
2, 3, 5, 23
Let i(p) = -4*p**2. Let a be i(2). Suppose -2*v + 3*v = 0. What are the prime factors of v/(-3 + 0) - a?
2
Suppose 0 = -4*z + 4*h + 16, -8*h + 3*h = -3*z + 10. Suppose 0*k + k - 14 = 2*x, -5*x - 80 = -z*k. What are the prime factors of k?
2, 3
Suppose -3*i + 19 = v - 2*v, 3*i - 23 = 5*v. What are the prime factors of (-3 + -1 + -137)*(-2)/i?
47
Let n(o) = -3*o + 27. Let g be n(7). What are the prime factors of (-328)/(-6) - 4/g?
2, 3
Let z = -48 - -126. List the prime factors of z/(-52) + 282/4.
3, 23
Let n(s) = 19*s**2 + 13*s - 25. What are the prime factors of n(-9)?
11, 127
Suppose 0 = 16*v + 968 - 2920. What are the prime factors of v?
2, 61
Let f(x) = -2*x**3 + 37*x**2 - 10*x + 41. What are the prime factors of f(17)?
2, 3, 41
Let j(y) = y**3 - 9*y**2 + 2. Let n be j(9). Let t be (18 - 20) + 1 + n. Suppose t = -2*c + 21. What are the prime factors of c?
2, 5
Suppose -2*o + 14 = -5*l, 5*o + 2*l + 31 - 8 = 0. Let h be 8/o*6/(-8). Suppose -h*z + 11 = -21. What are the prime factors of z?
2
Let h = -716 - -1986. List the prime factors of h.
2, 5, 127
Suppose -23*y + 12*y = -5104. List the prime factors of y.
2, 29
Let o = 10 - 12. List the prime factors of (-32)/(-2)*o/(-4).
2
Let z(w) = 2*w**2 + 13*w + 6. Let a be z(-6). Suppose y + 3*y + 12 = a. Let p(h) = h**3 + 5*h**2 + h - 3. What are the prime factors of p(y)?
2, 3
Let j(u) = -22*u + 107. What are the prime factors of j(-7)?
3, 29
Suppose -2 = -11*q + 20. Suppose 3*w - 35 - 56 = -2*t, q*t + 41 = w. List the prime factors of w.
3, 11
Let g(r) = r**2 + 12*r + 12. Let y be g(-11). Let i = 2 - y. What are the prime factors of 18 + (3 - 0) - i?
2, 5
Suppose 3*r = 7*r - 5*x - 26, 2*r - 3*x - 14 = 0. Suppose 70 = p - 2*a - a, 5*p = -r*a + 388. Suppose -5*y + y = -p. List the prime factors of y.
19
Let l(z) = -z**3 - 23*z**2 - 24*z + 29. Let y(j) = -3*j**2 + 4*j - 7. Let p be y(3). What are the prime factors of l(p)?
73
Let k(g) = g**3 - 9*g + 9. Let r be k(5). Let y = r - 82. List the prime factors of y.
7
Let l be 8/2 + 0 + -2. Let h be (-1)/(l/(-12)) + -3. Suppose z = h*z - 38. What are the prime factors of z?
19
List the prime factors of 182 - (7 - (1 - -2 - -1)).
179
Suppose -654 = 4*y - 2*q, -q = 3*q - 12. Let c = y + 240. What are the prime factors of c?
2, 3, 13
Let y(i) = i**2. Let n be y(0). Suppose 3*j + 0*j + 4*o - 32 = n, -5*j = -5*o - 100. What are the prime factors of j?
2
Suppose 4*d - 973 = -3*x, 161 = -3*x + 5*d + 1179. What are the prime factors of x?
331
Let i = 3992 - 935. What are the prime factors of i?
3, 1019
Suppose 5*u = r + 16, 4*r + 0 = 16. Suppose -l - 2*l - g + 252 = 0, 0 = -2*l - u*g + 168. What are the prime factors of l?
2, 3, 7
Let f(w) = w**2 - 3*w - 3. Let l = 1 + -2. Let j(x) = 6*x**2 + x. Let u be j(l). List the prime factors of f(u).
7
Let y(r) = -r**3 - r**2 - 4*r + 2. Let i be y(0). List the prime factors of (i - 106/(-4))/(12/32).
2, 19
Suppose 11*f + 6 = 1359. List the prime factors of f.
3, 41
Let r(i) be the first derivative of i**2/2 + 2. Let j be r(4). Suppose -168 + 404 = j*z. What are the prime factors of z?
59
Let w(c) = c + 838. What are the prime factors of w(-46)?
2, 3, 11
Suppose -3*d - 1 + 1246 = 0. List the prime factors of d.
5, 83
Let u(x) = 6*x**2 + x - 1. Let p be u(-2). Let z be p/28 - 1/(-4). List the prime factors of (z + (-3)/2)*-68.
2, 17
Let v(k) = -3*k + 11. Let f(i) = -4*i + 12. Let c(a) = 5*f(a) - 6*v(a). Let o be c(-5). What are the prime factors of (-118)/(-4) + o/8?
2, 3, 5
List the prime factors of (-68263)/(-104) - (-9)/(-24).
2, 41
Suppose -2*c = -3*y - 3, -4*c = -5*y + 2 - 11. Let t(b) = -2*b**2 + 17*b - 23. What are the prime factors of t(c)?
7
Suppose 4*p + 5*q = 2*p + 403, 3*p + 5*q - 602 = 0. Let n = p - 112. What are the prime factors of n?
3, 29
Let l = -53 + 29. What are the prime factors of (60/16*9)/((-9)/l)?
2, 3, 5
Suppose -2*k + 606 = -0*k. Let o be ((-15)/9)/((-8)/24). Suppose 95 = u - 5*v + 8, -4*u + o*v + k = 0. What are the prime factors of u?
2, 3
What are the prime factors of ((-265)/(-53))/(6315/(-2106) - -3)?
2, 3, 5, 13
Suppose -3*v = -v + 8. What are the prime factors of 55 - 5/((-10)/v)?
53
Let o(t) = -t**3 - 13*t**2 + 4*t + 16. Suppose 0 = 3*d + 2*q + 33, -5*q + 2*q - 43 = 4*d. Let w be o(d). Let c = -25 - w. List the prime factors of c.
11
Let m(v) = 2*v**3 + v**2 + 14*v - 17. Let l be m(13). What are the prime factors of (l/22)/6 - (-2)/11?
2, 3
Suppose 4*n + 195 = 3*h, -2*h + 69 = -2*n - 59. What are the prime factors of h?
61
Let s(v) = 75*v**2 + 3*v + 1. Let o be (-1)/(-12)*-4 - 10/6. What are the prime factors of s(o)?
5, 59
What are the prime factors of 2582*(-2 + 7 + 36/(-8))?
1291
Suppose 29 = 2*b - h, -19 - 1 = -2*b - 2*h. Let w(o) = -o**3 + 13*o**2 + 12*o - 1. What are the prime factors of w(b)?
5, 31
Suppose -3*b - 5*x = -49, -2*b + 4*b - 41 = -5*x. List the prime factors of 265/4 + (-2)/b.
2, 3, 11
Suppose -3*i = -5*k + 201, -60 = 2*i - i - 4*k. Let o = i + 283. Suppose 4*h - o = -4*b + 3*b, -155 = -3*h - 4*b. What are the prime factors of h?
53
Let c be (318 + 2)*12/8. Suppose 5*o - c = -130. What are the prime factors of o?
2, 5, 7
Let x(c) = 113*c**2 + 21*c - 30. List the prime factors of x(4).
2, 7, 19
Let b(a) = -2*a**3 - 2*a**2 + 14*a - 7. List the prime factors of b(-7).
3, 7, 23
Suppose -1154 + 250 = -q. List the prime factors of q.
2, 113
Let m be 2888/48 - 3/18. Let q = 101 - m. List the prime factors of q.
41
Suppose 4*u + 14 - 38 = 0. Let p be 0 + (-1 - 1) + u. Suppose 0 = -2*m - 6, p*x - 107 = -3*m + 16. What are the prime factors of x?
3, 11
Let r(v) = v**3 + 11*v**2 + 11*v + 15. Let j be r(-10). Suppose 260 = j*p + 80. What are 